est common factor of 3926 and 28388?
302
What is the greatest common factor of 648 and 91503?
27
What is the greatest common factor of 9397452 and 12?
12
What is the highest common factor of 28337 and 215?
43
What is the greatest common factor of 4434 and 402?
6
Calculate the greatest common divisor of 31368 and 648.
24
What is the highest common factor of 321 and 582829?
107
Calculate the greatest common divisor of 17731 and 623.
7
What is the greatest common divisor of 4082261 and 3282?
547
What is the highest common divisor of 1285081 and 17?
17
What is the highest common factor of 2574 and 972?
18
Calculate the highest common divisor of 170028 and 2484.
36
What is the greatest common divisor of 3402 and 418932?
486
Calculate the highest common divisor of 148 and 40.
4
What is the greatest common factor of 10062743 and 61?
61
Calculate the highest common factor of 78 and 988832.
26
Calculate the greatest common divisor of 763 and 41.
1
What is the highest common factor of 25 and 1860?
5
Calculate the highest common divisor of 1555698 and 753.
753
What is the highest common divisor of 568 and 17111?
71
What is the greatest common divisor of 174 and 5800?
58
What is the greatest common divisor of 3737 and 9509?
37
Calculate the highest common divisor of 2724993 and 2232.
279
What is the greatest common factor of 1258 and 3842?
34
Calculate the greatest common factor of 225 and 31475.
25
Calculate the highest common divisor of 151698 and 772.
386
What is the greatest common divisor of 3294 and 14?
2
What is the greatest common divisor of 77 and 923615?
77
Calculate the greatest common divisor of 12513 and 5529.
291
Calculate the greatest common divisor of 22308 and 143.
143
What is the greatest common factor of 275 and 17655?
55
What is the greatest common divisor of 3978 and 1139918?
442
What is the greatest common divisor of 115866 and 779?
41
What is the greatest common factor of 8910 and 345411?
297
What is the highest common divisor of 3808 and 5152?
224
What is the greatest common factor of 682 and 6?
2
Calculate the highest common divisor of 17534 and 132.
22
What is the highest common divisor of 1521 and 8073?
117
What is the highest common factor of 8217704 and 88?
88
Calculate the greatest common factor of 6031 and 22657.
163
What is the highest common factor of 10149 and 357?
51
Calculate the greatest common divisor of 350 and 169078.
14
Calculate the highest common divisor of 3534 and 8322.
114
What is the highest common divisor of 470 and 8084?
94
Calculate the greatest common factor of 1906 and 7.
1
What is the greatest common divisor of 460396 and 4?
4
Calculate the highest common divisor of 440353 and 269.
269
What is the highest common factor of 9052 and 5548?
292
Calculate the highest common divisor of 100456 and 2784.
232
Calculate the highest common divisor of 4641 and 15015.
273
What is the greatest common divisor of 1881 and 1749?
33
Calculate the highest common factor of 2952 and 3608.
328
What is the greatest common divisor of 47138 and 1295?
259
Calculate the highest common divisor of 259 and 4736.
37
Calculate the greatest common divisor of 99232 and 14.
14
Calculate the highest common factor of 240 and 13305.
15
Calculate the greatest common factor of 144 and 14544.
144
Calculate the greatest common divisor of 280014 and 1770.
354
What is the greatest common factor of 857840 and 120?
40
Calculate the greatest common factor of 8 and 95768.
8
What is the greatest common divisor of 7161642 and 108?
54
Calculate the greatest common divisor of 765 and 857259.
153
What is the highest common divisor of 125 and 3425?
25
Calculate the highest common divisor of 29624 and 17192.
56
Calculate the highest common divisor of 95530 and 16564.
82
Calculate the greatest common divisor of 6 and 3022.
2
What is the highest common factor of 537 and 39201?
537
What is the highest common factor of 507924 and 432?
108
What is the highest common factor of 55825 and 525?
175
What is the greatest common divisor of 138324 and 36?
12
What is the greatest common divisor of 2548 and 286?
26
Calculate the greatest common divisor of 96161 and 16501.
569
Calculate the highest common divisor of 435 and 59015.
145
Calculate the greatest common factor of 31 and 635624.
31
What is the greatest common divisor of 2025 and 113805?
405
What is the highest common factor of 120 and 95240?
40
Calculate the highest common divisor of 116931 and 6.
3
Calculate the greatest common factor of 33 and 279763.
11
What is the greatest common divisor of 1146 and 5868?
6
What is the greatest common divisor of 526 and 349527?
263
Calculate the greatest common factor of 56320 and 660.
220
What is the greatest common divisor of 486 and 18090?
54
Calculate the highest common divisor of 625439 and 426.
71
What is the greatest common divisor of 11648 and 30940?
364
Calculate the highest common factor of 6 and 446040.
6
What is the greatest common divisor of 509 and 2?
1
Calculate the highest common divisor of 2449 and 9579.
31
Calculate the greatest common factor of 2420 and 210.
10
Calculate the highest common divisor of 88 and 228096.
88
Calculate the greatest common factor of 386385 and 10.
5
Calculate the greatest common divisor of 104 and 1195272.
104
Calculate the greatest common factor of 30957 and 2193.
51
Calculate the highest common factor of 26 and 813618.
26
What is the highest common divisor of 34712 and 136?
8
Calculate the greatest common factor of 3078 and 7938.
162
What is the greatest common divisor of 17350 and 400?
50
Calculate the highest common divisor of 205088 and 5984.
544
Calculate the highest common divisor of 6201 and 450.
9
What is the greatest common divisor of 3204 and 9468?
36
What is the highest common factor of 432 and 2241?
27
Calculate the highest common divisor of 7 and 17801.
7
Calculate the highest common factor of 23060 and 1060.
20
Calculate the highest common factor of 30318 and 1550.
62
What is the highest common divisor of 1371 and 3?
3
Calculate the greatest common divisor of 3462 and 876.
6
Calculate the greatest common factor of 56014 and 1400.
14
What is the highest common factor of 63301 and 7?
7
What is the greatest common factor of 18 and 2874?
6
What is the greatest common factor of 2613488 and 608?
304
What is the highest common factor of 52943 and 11?
11
Calculate the highest common divisor of 6141 and 1909.
23
Calculate the highest common factor of 36 and 280404.
36
What is the highest common divisor of 57065 and 1919?
101
What is the highest common divisor of 1232 and 18704?
112
What is the greatest common factor of 1070969 and 1051?
1051
What is the highest common divisor of 1974970 and 410?
410
Calculate the greatest common divisor of 1153775 and 1064.
133
Calculate the highest common divisor of 2010 and 326625.
1005
Calculate the highest common divisor of 22 and 473462.
22
Calculate the greatest common factor of 24 and 46336.
8
Calculate the greatest common divisor of 69 and 2609741.
23
Calculate the greatest common factor of 21590 and 100.
10
Calculate the greatest common factor of 9878 and 22.
22
What is the greatest common factor of 270772 and 79868?
1948
Calculate the greatest common factor of 2185 and 5290.
115
Calculate the greatest common factor of 156 and 95043.
39
Calculate the greatest common factor of 16513 and 98.
49
What is the highest common factor of 150629 and 86?
43
What is the greatest common factor of 810 and 25?
5
What is the greatest common factor of 1443 and 9131304?
1443
Calculate the highest common factor of 12084 and 8.
4
What is the highest common factor of 1907758 and 3714?
1238
Calculate the highest common divisor of 448 and 679.
7
Calculate the highest common factor of 2920 and 640.
40
What is the highest common factor of 1052460 and 108?
108
What is the highest common factor of 16 and 182768?
16
What is the highest common divisor of 5049 and 3689?
17
What is the greatest common factor of 38613 and 9150?
183
What is the highest common divisor of 56 and 149128?
56
Calculate the greatest common divisor of 1209068 and 232.
116
Calculate the highest common divisor of 41683 and 2044.
73
Calculate the greatest common factor of 426332 and 159.
53
What is the greatest common factor of 24 and 378